{"id":5239,"date":"2023-06-11T14:47:01","date_gmt":"2023-06-11T11:47:01","guid":{"rendered":"https:\/\/www.monbu.fi\/?page_id=5239"},"modified":"2025-12-22T18:01:50","modified_gmt":"2025-12-22T16:01:50","slug":"ilmoittautuminen","status":"publish","type":"page","link":"https:\/\/www.monbu.fi\/?page_id=5239","title":{"rendered":"Ilmoittautuminen"},"content":{"rendered":"<div class=\"fusion-fullwidth fullwidth-box fusion-builder-row-1 fusion-flex-container has-pattern-background has-mask-background fusion-parallax-fixed nonhundred-percent-fullwidth non-hundred-percent-height-scrolling lazyload fusion-animated\" style=\"background-color: var(--awb-color2);background-image:linear-gradient(180deg, hsla(var(--awb-color8-h),var(--awb-color8-s),var(--awb-color8-l),calc( var(--awb-color8-a) - 65% )) 0%,hsla(var(--awb-color8-h),var(--awb-color8-s),var(--awb-color8-l),calc( var(--awb-color8-a) - 70% )) 100%);background-position: center center;background-repeat: no-repeat;border-width: 0px 0px 0px 0px;border-color:#eae9e9;border-style:solid;-webkit-background-size:cover;-moz-background-size:cover;-o-background-size:cover;background-size:cover;background-attachment:fixed;\" data-bg=\"https:\/\/www.monbu.fi\/wp-content\/uploads\/2024\/08\/SeppalaBrosBridge.jpg\" data-bg-gradient=\"linear-gradient(180deg, hsla(var(--awb-color8-h),var(--awb-color8-s),var(--awb-color8-l),calc( var(--awb-color8-a) - 65% )) 0%,hsla(var(--awb-color8-h),var(--awb-color8-s),var(--awb-color8-l),calc( var(--awb-color8-a) - 70% )) 100%)\" data-animationType=\"fadeIn\" data-animationDuration=\"1.3\" data-animationOffset=\"top-into-view\" ><div class=\"fusion-builder-row fusion-row fusion-flex-align-items-flex-start\" style=\"max-width:calc( 1170px + 0px );margin-left: calc(-0px \/ 2 );margin-right: calc(-0px \/ 2 );\"><div class=\"fusion-layout-column fusion_builder_column fusion-builder-column-0 fusion_builder_column_1_1 1_1 fusion-flex-column fusion-animated\" data-animationType=\"fadeInUp\" data-animationDuration=\"0.8\" data-animationOffset=\"top-into-view\"><div class=\"fusion-column-wrapper fusion-flex-justify-content-flex-start fusion-content-layout-column\" style=\"background-position:left top;background-blend-mode: overlay;background-repeat:no-repeat;-webkit-background-size:cover;-moz-background-size:cover;-o-background-size:cover;background-size:cover;padding: 0px 0px 0px 0px;\"><div class=\"fusion-separator fusion-full-width-sep\" style=\"align-self: center;margin-left: auto;margin-right: auto;margin-top:10px;width:100%;\"><\/div><style type=\"text\/css\">@media only screen and (max-width:1024px) {.fusion-title.fusion-title-1{margin-top:0px!important; margin-right:!important;margin-bottom:20px!important;margin-left:!important;}}<\/style><div class=\"fusion-title title fusion-title-1 fusion-title-center fusion-title-text fusion-title-size-two\" style=\"font-size:55px;margin-top:0px;margin-bottom:20px;\"><div class=\"title-sep-container title-sep-container-left\"><div class=\"title-sep sep-\" style=\"border-color:var(--awb-color3);\"><\/div><\/div><span class=\"awb-title-spacer\"><\/span><h2 class=\"title-heading-center fusion-responsive-typography-calculated\" style=\"margin:0;font-size:1em;text-transform:capitalize;color:var(--awb-color1);--fontSize:55;line-height:var(--awb-typography1-line-height);\">Ilmoittaudu T\u00e4st\u00e4:<\/h2><span class=\"awb-title-spacer\"><\/span><div class=\"title-sep-container title-sep-container-right\"><div class=\"title-sep sep-\" style=\"border-color:var(--awb-color3);\"><\/div><\/div><\/div><div style=\"text-align:center;\"><style>.fusion-body .fusion-button.button-1{border-radius:2px 2px 2px 2px;font-size:20px;line-height:26px;padding-top:20px;padding-right:55px;padding-bottom:20px;padding-left:55px;letter-spacing:0px;}.fusion-body .fusion-button.button-1 .fusion-button-text{text-transform:none;}<\/style><a class=\"fusion-button button-flat fusion-button-default-size button-default button-1 fusion-button-default-span \" target=\"_blank\" rel=\"noopener noreferrer\" href=\"https:\/\/www.monbu.fi\/?page_id=5239\" style=\"margin-right:30px;\"><span class=\"fusion-button-text\">Lue lis\u00e4\u00e4<\/span><\/a><\/div><div class=\"fusion-menu-anchor\" id=\"Ilmoittaudu form\"><\/div><\/div><style type=\"text\/css\">.fusion-body .fusion-builder-column-0{width:100% !important;margin-top : 0px;margin-bottom : 0px;}.fusion-builder-column-0 > .fusion-column-wrapper {padding-top : 0px !important;padding-right : 0px !important;margin-right : 0px;padding-bottom : 0px !important;padding-left : 0px !important;margin-left : 0px;}@media only screen and (max-width:1024px) {.fusion-body .fusion-builder-column-0{width:100% !important;}.fusion-builder-column-0 > .fusion-column-wrapper {margin-right : 0px;margin-left : 0px;}}@media only screen and (max-width:640px) {.fusion-body .fusion-builder-column-0{width:100% !important;}.fusion-builder-column-0 > .fusion-column-wrapper {margin-right : 0px;margin-left : 0px;}}<\/style><\/div><div class=\"fusion-layout-column fusion_builder_column fusion-builder-column-1 fusion_builder_column_1_2 1_2 fusion-flex-column fusion-flex-align-self-center\"><div class=\"fusion-column-wrapper fusion-flex-justify-content-flex-start fusion-content-layout-column\" style=\"background-position:left top;background-repeat:no-repeat;-webkit-background-size:cover;-moz-background-size:cover;-o-background-size:cover;background-size:cover;padding: 0px 0px 0px 0px;\"><style type=\"text\/css\">@media only screen and (max-width:1024px) {.fusion-title.fusion-title-2{margin-top:0px!important; margin-right:!important;margin-bottom:20px!important;margin-left:!important;}}<\/style><div class=\"fusion-title title fusion-title-2 fusion-title-center fusion-title-text fusion-title-size-two\" style=\"font-size:55px;margin-top:0px;margin-bottom:20px;\"><div class=\"title-sep-container title-sep-container-left\"><div class=\"title-sep sep-\" style=\"border-color:var(--awb-color3);\"><\/div><\/div><span class=\"awb-title-spacer\"><\/span><h2 class=\"title-heading-center fusion-responsive-typography-calculated\" style=\"margin:0;font-size:1em;text-transform:capitalize;color:var(--awb-color1);--fontSize:55;line-height:var(--awb-typography1-line-height);\">Monbu<\/h2><span class=\"awb-title-spacer\"><\/span><div class=\"title-sep-container title-sep-container-right\"><div class=\"title-sep sep-\" style=\"border-color:var(--awb-color3);\"><\/div><\/div><\/div><div class=\"fusion-text fusion-text-1\" style=\"text-align:center;color:var(--awb-color3);\"><p>ILMOITTAUTUMINEN ENNEN 26.7 = 60\u20ac<\/p>\n<p>10 ensimm\u00e4iset ja kaikki alle 18-vuotiaat: -50%!<\/p>\n<\/div><iframe class=\"lazyload\" src=\"data:image\/svg+xml,%3Csvg%20xmlns%3D%27http%3A%2F%2Fwww.w3.org%2F2000%2Fsvg%27%20width%3D%2795%27%20height%3D%27650%27%20viewBox%3D%270%200%2095%20650%27%3E%3Crect%20width%3D%2795%27%20height%3D%27650%27%20fill-opacity%3D%220%22%2F%3E%3C%2Fsvg%3E\" data-orig-src=\"https:\/\/docs.google.com\/forms\/d\/e\/1FAIpQLScKRiTztwjRxtfHU07WuQ34ljiu1Sw_pQsLpyA6s9gHE878MQ\/viewform?embedded=true\" width=\"95%\" height=\"650\" frameborder=\"0\" marginheight=\"0\" marginwidth=\"0\">L\u00e4ser in\u00a0\u2026<\/iframe><div style=\"text-align:center;\"><style>.fusion-body .fusion-button.button-2{border-radius:2px 2px 2px 2px;}<\/style><a class=\"fusion-button button-flat fusion-button-default-size button-default button-2 fusion-button-default-span fusion-button-default-type\" target=\"_self\" href=\"mailto:info@monbu.fi\" style=\"margin-top:10px;\"><span class=\"fusion-button-text\">L\u00e4het\u00e4 S\u00e4hk\u00f6posti<\/span><\/a><\/div><\/div><style type=\"text\/css\">.fusion-body .fusion-builder-column-1{width:50% !important;margin-top : 0px;margin-bottom : 20px;}.fusion-builder-column-1 > .fusion-column-wrapper {padding-top : 0px !important;padding-right : 0px !important;margin-right : 0px;padding-bottom : 0px !important;padding-left : 0px !important;margin-left : 0px;}@media only screen and (max-width:1024px) {.fusion-body .fusion-builder-column-1{width:100% !important;order : 0;}.fusion-builder-column-1 > .fusion-column-wrapper {margin-right : 0px;margin-left : 0px;}}@media only screen and (max-width:640px) {.fusion-body .fusion-builder-column-1{width:100% !important;order : 0;}.fusion-builder-column-1 > .fusion-column-wrapper {margin-right : 0px;margin-left : 0px;}}<\/style><\/div><div class=\"fusion-layout-column fusion_builder_column fusion-builder-column-2 fusion_builder_column_1_2 1_2 fusion-flex-column fusion-flex-align-self-center\"><div class=\"fusion-column-wrapper fusion-flex-justify-content-flex-start fusion-content-layout-column\" style=\"background-position:left top;background-repeat:no-repeat;-webkit-background-size:cover;-moz-background-size:cover;-o-background-size:cover;background-size:cover;padding: 0px 0px 0px 0px;\"><style type=\"text\/css\">@media only screen and (max-width:1024px) {.fusion-title.fusion-title-3{margin-top:0px!important; margin-right:!important;margin-bottom:20px!important;margin-left:!important;}}<\/style><div class=\"fusion-title title fusion-title-3 fusion-title-center fusion-title-text fusion-title-size-two\" style=\"font-size:55px;margin-top:0px;margin-bottom:20px;\"><div class=\"title-sep-container title-sep-container-left\"><div class=\"title-sep sep-\" style=\"border-color:var(--awb-color3);\"><\/div><\/div><span class=\"awb-title-spacer\"><\/span><h2 class=\"title-heading-center fusion-responsive-typography-calculated\" style=\"margin:0;font-size:1em;text-transform:capitalize;color:var(--awb-color1);--fontSize:55;line-height:var(--awb-typography1-line-height);\">Monbu Team Vibe<\/h2><span class=\"awb-title-spacer\"><\/span><div class=\"title-sep-container title-sep-container-right\"><div class=\"title-sep sep-\" style=\"border-color:var(--awb-color3);\"><\/div><\/div><\/div><div class=\"fusion-text fusion-text-2\" style=\"text-align:center;color:var(--awb-color1);\"><p><span dir=\"auto\" style=\"vertical-align: inherit;\"><span dir=\"auto\" style=\"vertical-align: inherit;\"><span dir=\"auto\" style=\"vertical-align: inherit;\"><span dir=\"auto\" style=\"vertical-align: inherit;\">ILMOITTAUTUMINEN AUKI 26.7 SAAKKA<\/span><\/span><\/span><\/span><\/p>\n<p><span dir=\"auto\" style=\"vertical-align: inherit;\"><span dir=\"auto\" style=\"vertical-align: inherit;\">Ker\u00e4\u00e4 joukkueesi ja kilpaile!<\/span><\/span><\/p>\n<\/div><iframe class=\"lazyload\" src=\"data:image\/svg+xml,%3Csvg%20xmlns%3D%27http%3A%2F%2Fwww.w3.org%2F2000%2Fsvg%27%20width%3D%2795%27%20height%3D%27650%27%20viewBox%3D%270%200%2095%20650%27%3E%3Crect%20width%3D%2795%27%20height%3D%27650%27%20fill-opacity%3D%220%22%2F%3E%3C%2Fsvg%3E\" data-orig-src=\"https:\/\/docs.google.com\/forms\/d\/e\/1FAIpQLSdxPsqkf1kNw7XISzzMoKR0rNXrqfaQVUygeD4ZLD8qsrCAFw\/viewform?embedded=true\" width=\"95%\" height=\"650\" frameborder=\"0\" marginheight=\"0\" marginwidth=\"0\">L\u00e4ser in\u00a0\u2026<\/iframe><div style=\"text-align:center;\"><style>.fusion-body .fusion-button.button-3{border-radius:2px 2px 2px 2px;}<\/style><a class=\"fusion-button button-flat fusion-button-default-size button-default button-3 fusion-button-default-span fusion-button-default-type\" target=\"_self\" href=\"mailto:info@monbu.fi\" style=\"margin-top:10px;\"><span class=\"fusion-button-text\">L\u00e4het\u00e4 S\u00e4hk\u00f6posti<\/span><\/a><\/div><\/div><style type=\"text\/css\">.fusion-body .fusion-builder-column-2{width:50% !important;margin-top : 0px;margin-bottom : 20px;}.fusion-builder-column-2 > .fusion-column-wrapper {padding-top : 0px !important;padding-right : 0px !important;margin-right : 0px;padding-bottom : 0px !important;padding-left : 0px !important;margin-left : 0px;}@media only screen and (max-width:1024px) {.fusion-body .fusion-builder-column-2{width:100% !important;order : 0;}.fusion-builder-column-2 > .fusion-column-wrapper {margin-right : 0px;margin-left : 0px;}}@media only screen and (max-width:640px) {.fusion-body .fusion-builder-column-2{width:100% !important;order : 0;}.fusion-builder-column-2 > .fusion-column-wrapper {margin-right : 0px;margin-left : 0px;}}<\/style><\/div><\/div><style type=\"text\/css\">.fusion-body .fusion-flex-container.fusion-builder-row-1{ padding-top : 160px;margin-top : 0px;padding-right : 0px;padding-bottom : 160px;margin-bottom : 120px;padding-left : 0px;}@media only screen and (max-width:1024px) {.fusion-body .fusion-flex-container.fusion-builder-row-1{ padding-top : 110px;padding-bottom : 110px;margin-bottom : 80px;}}@media only screen and (max-width:640px) {.fusion-body .fusion-flex-container.fusion-builder-row-1{ padding-top : 90px;padding-bottom : 90px;margin-bottom : 60px;}}<\/style><\/div>\n\n","protected":false},"excerpt":{"rendered":"","protected":false},"author":2,"featured_media":0,"parent":0,"menu_order":0,"comment_status":"closed","ping_status":"closed","template":"","meta":{"footnotes":""},"class_list":["post-5239","page","type-page","status-publish","hentry"],"yoast_head":"<!-- This site is optimized with the Yoast SEO plugin v26.6 - https:\/\/yoast.com\/wordpress\/plugins\/seo\/ -->\n<title>Ilmoittautuminen - Monbu<\/title>\n<meta name=\"robots\" content=\"index, follow, max-snippet:-1, max-image-preview:large, max-video-preview:-1\" \/>\n<link rel=\"canonical\" href=\"https:\/\/www.monbu.fi\/?page_id=5239\" \/>\n<meta property=\"og:locale\" content=\"fi_FI\" \/>\n<meta property=\"og:type\" content=\"article\" \/>\n<meta property=\"og:title\" content=\"Ilmoittautuminen - Monbu\" \/>\n<meta property=\"og:url\" content=\"https:\/\/www.monbu.fi\/?page_id=5239\" \/>\n<meta property=\"og:site_name\" content=\"Monbu\" \/>\n<meta property=\"article:modified_time\" content=\"2025-12-22T16:01:50+00:00\" \/>\n<meta name=\"twitter:card\" content=\"summary_large_image\" \/>\n<meta name=\"twitter:label1\" content=\"Arvioitu lukuaika\" \/>\n\t<meta name=\"twitter:data1\" content=\"6 minuuttia\" \/>\n<script type=\"application\/ld+json\" class=\"yoast-schema-graph\">{\"@context\":\"https:\/\/schema.org\",\"@graph\":[{\"@type\":\"WebPage\",\"@id\":\"https:\/\/www.monbu.fi\/?page_id=5239\",\"url\":\"https:\/\/www.monbu.fi\/?page_id=5239\",\"name\":\"Ilmoittautuminen - Monbu\",\"isPartOf\":{\"@id\":\"https:\/\/www.monbu.fi\/#website\"},\"datePublished\":\"2023-06-11T11:47:01+00:00\",\"dateModified\":\"2025-12-22T16:01:50+00:00\",\"breadcrumb\":{\"@id\":\"https:\/\/www.monbu.fi\/?page_id=5239#breadcrumb\"},\"inLanguage\":\"fi\",\"potentialAction\":[{\"@type\":\"ReadAction\",\"target\":[\"https:\/\/www.monbu.fi\/?page_id=5239\"]}]},{\"@type\":\"BreadcrumbList\",\"@id\":\"https:\/\/www.monbu.fi\/?page_id=5239#breadcrumb\",\"itemListElement\":[{\"@type\":\"ListItem\",\"position\":1,\"name\":\"Etusivu\",\"item\":\"https:\/\/www.monbu.fi\/\"},{\"@type\":\"ListItem\",\"position\":2,\"name\":\"Ilmoittautuminen\"}]},{\"@type\":\"WebSite\",\"@id\":\"https:\/\/www.monbu.fi\/#website\",\"url\":\"https:\/\/www.monbu.fi\/\",\"name\":\"Monbu\",\"description\":\"\",\"publisher\":{\"@id\":\"https:\/\/www.monbu.fi\/#organization\"},\"potentialAction\":[{\"@type\":\"SearchAction\",\"target\":{\"@type\":\"EntryPoint\",\"urlTemplate\":\"https:\/\/www.monbu.fi\/?s={search_term_string}\"},\"query-input\":{\"@type\":\"PropertyValueSpecification\",\"valueRequired\":true,\"valueName\":\"search_term_string\"}}],\"inLanguage\":\"fi\"},{\"@type\":\"Organization\",\"@id\":\"https:\/\/www.monbu.fi\/#organization\",\"name\":\"Middle of Nowhere Backyard Ultra\",\"url\":\"https:\/\/www.monbu.fi\/\",\"logo\":{\"@type\":\"ImageObject\",\"inLanguage\":\"fi\",\"@id\":\"https:\/\/www.monbu.fi\/#\/schema\/logo\/image\/\",\"url\":\"https:\/\/www.monbu.fi\/wp-content\/uploads\/2023\/05\/Monbu.jpg\",\"contentUrl\":\"https:\/\/www.monbu.fi\/wp-content\/uploads\/2023\/05\/Monbu.jpg\",\"width\":1080,\"height\":1080,\"caption\":\"Middle of Nowhere Backyard Ultra\"},\"image\":{\"@id\":\"https:\/\/www.monbu.fi\/#\/schema\/logo\/image\/\"},\"sameAs\":[\"https:\/\/www.instagram.com\/middleofnowherebackyardultra\/\"]}]}<\/script>\n<!-- \/ Yoast SEO plugin. -->","yoast_head_json":{"title":"Ilmoittautuminen - Monbu","robots":{"index":"index","follow":"follow","max-snippet":"max-snippet:-1","max-image-preview":"max-image-preview:large","max-video-preview":"max-video-preview:-1"},"canonical":"https:\/\/www.monbu.fi\/?page_id=5239","og_locale":"fi_FI","og_type":"article","og_title":"Ilmoittautuminen - Monbu","og_url":"https:\/\/www.monbu.fi\/?page_id=5239","og_site_name":"Monbu","article_modified_time":"2025-12-22T16:01:50+00:00","twitter_card":"summary_large_image","twitter_misc":{"Arvioitu lukuaika":"6 minuuttia"},"schema":{"@context":"https:\/\/schema.org","@graph":[{"@type":"WebPage","@id":"https:\/\/www.monbu.fi\/?page_id=5239","url":"https:\/\/www.monbu.fi\/?page_id=5239","name":"Ilmoittautuminen - Monbu","isPartOf":{"@id":"https:\/\/www.monbu.fi\/#website"},"datePublished":"2023-06-11T11:47:01+00:00","dateModified":"2025-12-22T16:01:50+00:00","breadcrumb":{"@id":"https:\/\/www.monbu.fi\/?page_id=5239#breadcrumb"},"inLanguage":"fi","potentialAction":[{"@type":"ReadAction","target":["https:\/\/www.monbu.fi\/?page_id=5239"]}]},{"@type":"BreadcrumbList","@id":"https:\/\/www.monbu.fi\/?page_id=5239#breadcrumb","itemListElement":[{"@type":"ListItem","position":1,"name":"Etusivu","item":"https:\/\/www.monbu.fi\/"},{"@type":"ListItem","position":2,"name":"Ilmoittautuminen"}]},{"@type":"WebSite","@id":"https:\/\/www.monbu.fi\/#website","url":"https:\/\/www.monbu.fi\/","name":"Monbu","description":"","publisher":{"@id":"https:\/\/www.monbu.fi\/#organization"},"potentialAction":[{"@type":"SearchAction","target":{"@type":"EntryPoint","urlTemplate":"https:\/\/www.monbu.fi\/?s={search_term_string}"},"query-input":{"@type":"PropertyValueSpecification","valueRequired":true,"valueName":"search_term_string"}}],"inLanguage":"fi"},{"@type":"Organization","@id":"https:\/\/www.monbu.fi\/#organization","name":"Middle of Nowhere Backyard Ultra","url":"https:\/\/www.monbu.fi\/","logo":{"@type":"ImageObject","inLanguage":"fi","@id":"https:\/\/www.monbu.fi\/#\/schema\/logo\/image\/","url":"https:\/\/www.monbu.fi\/wp-content\/uploads\/2023\/05\/Monbu.jpg","contentUrl":"https:\/\/www.monbu.fi\/wp-content\/uploads\/2023\/05\/Monbu.jpg","width":1080,"height":1080,"caption":"Middle of Nowhere Backyard Ultra"},"image":{"@id":"https:\/\/www.monbu.fi\/#\/schema\/logo\/image\/"},"sameAs":["https:\/\/www.instagram.com\/middleofnowherebackyardultra\/"]}]}},"_links":{"self":[{"href":"https:\/\/www.monbu.fi\/index.php?rest_route=\/wp\/v2\/pages\/5239","targetHints":{"allow":["GET"]}}],"collection":[{"href":"https:\/\/www.monbu.fi\/index.php?rest_route=\/wp\/v2\/pages"}],"about":[{"href":"https:\/\/www.monbu.fi\/index.php?rest_route=\/wp\/v2\/types\/page"}],"author":[{"embeddable":true,"href":"https:\/\/www.monbu.fi\/index.php?rest_route=\/wp\/v2\/users\/2"}],"replies":[{"embeddable":true,"href":"https:\/\/www.monbu.fi\/index.php?rest_route=%2Fwp%2Fv2%2Fcomments&post=5239"}],"version-history":[{"count":7,"href":"https:\/\/www.monbu.fi\/index.php?rest_route=\/wp\/v2\/pages\/5239\/revisions"}],"predecessor-version":[{"id":5266,"href":"https:\/\/www.monbu.fi\/index.php?rest_route=\/wp\/v2\/pages\/5239\/revisions\/5266"}],"wp:attachment":[{"href":"https:\/\/www.monbu.fi\/index.php?rest_route=%2Fwp%2Fv2%2Fmedia&parent=5239"}],"curies":[{"name":"wp","href":"https:\/\/api.w.org\/{rel}","templated":true}]}}